ed by j(g)?
6
Calculate the remainder when 5821 is divided by (-28)/182 + -61*12/(-26).
25
Suppose 31*j - 84 = -4*c + 27*j, 0 = 5*c + 3*j - 95. What is the remainder when 1694 is divided by c?
14
Let q = -3818 - -3873. What is the remainder when 359 is divided by q?
29
Let k(m) = m**2 + 8*m + 21. Let i be (-3)/9*17 - 4/(-6). Suppose 0 = -3*d - 4*t + 59, -2*d + t - 3 + 46 = 0. Calculate the remainder when d is divided by k(i).
3
Let m be ((-170)/25)/((-1)/5). Let x = m + 107. Calculate the remainder when x is divided by 18.
15
Suppose 264*c - 239*c = 4150. What is the remainder when 673 is divided by c?
9
Let t = -7631 + 7723. What is the remainder when 3495 is divided by t?
91
Suppose 5110 = -11*c - 2282. Let v = c + 746. What is the remainder when v is divided by 64?
10
Let r = 873 + -482. Suppose 12*t - 629 = r. Calculate the remainder when 169 is divided by t.
84
Suppose -18 = -4*i + 22. Let q be ((6 - 3)*1)/((-30)/(-20)). Suppose -3*p + q = -i. Calculate the remainder when 14 is divided by p.
2
Suppose -13*w + 11*w = -224. Suppose 13*z - 9*z = w. Calculate the remainder when z/21 + (-94)/(-6) is divided by 9.
8
Let m be 5 + 0 + (-4)/(-2). Suppose -d - 5 = -m. What is the remainder when 102 is divided by (42/9)/(d/15)?
32
Suppose j = 2*y - 1405, 0 = -756*j + 760*j - 4. Calculate the remainder when y is divided by 174.
7
Let u = 1498 - 586. Calculate the remainder when u/32 + (-2)/4 is divided by 15.
13
Suppose -f - 7 = k, 9 = 3*f - 2*k - k. Let j be (f/(-3))/((-2)/(-3)). Calculate the remainder when 5/(10/322) + 0 - j is divided by 27.
25
Let d(j) = -4*j + j + 2*j + 2*j. Let z be d(-5). Calculate the remainder when (2 + 2)*-1*z is divided by 7.
6
Suppose 23*r + 440 = 28*r. Let v = 71 + -26. What is the remainder when r is divided by v?
43
Let k = 42 - 36. Let f(p) = p**3 - 5*p**2 - 4*p + 11. Let m be f(k). Let d = m + -9. What is the remainder when 83 is divided by d?
13
Let m = -24 - -35. Suppose 3*h = -2*h + 2170. Suppose 7*i + 147 = h. Calculate the remainder when i is divided by m.
8
Let a be 25 - (-8)/((-40)/25). Let f(k) = -k**3 + 18*k**2 + 46*k + 26. What is the remainder when f(a) is divided by 55?
36
Suppose -3*s + 140 = 2*s. Suppose f - 55 = -3*a, -5*f + a = 5*a - 297. Suppose -265 = -f*n + 56*n. Calculate the remainder when n is divided by s.
25
Suppose -4*w = -35 - 21. Let t(l) = 2*l**3 - 37*l**2 + 13*l + 85. Let p be t(18). Let v(g) = -4*g + 131. What is the remainder when v(p) is divided by w?
11
Let m = -3503 + 3620. Calculate the remainder when 383 is divided by m.
32
Let k(o) = -o**2 + 14*o - 11. Let x be k(13). Suppose -11*n + x*n + 0*n = 0. Suppose -u + 34 - 29 = n. Calculate the remainder when 38 is divided by u.
3
Let h(m) = -m**2 + 32*m + 245. Let v be h(-28). What is the remainder when v/(-6) - 15/90 is divided by 15?
14
Let l(z) = -z**3 - 9*z**2 + 8. Let f be l(-9). Calculate the remainder when 137 is divided by 2*213*f/48.
66
Calculate the remainder when 2246 is divided by (8 - 11) + 20 + (-4 - 0).
10
Let f = 318 - 316. Suppose 0 = -r - f*t + 28, 3*r + 2*t - 3*t - 84 = 0. What is the remainder when r is divided by 10?
8
Suppose a + 5*a - 7*a + 363 = 0. What is the remainder when a is divided by 4?
3
Let q be -1 + -14 + (-7 - -14). Calculate the remainder when 160 is divided by (-20)/q*(-12)/(-45)*9.
4
Let k(g) = g**3 - g**2 + 10*g - 4. Let b be k(3). What is the remainder when 49 is divided by (-4 - -5)/(4/b)?
5
Let f(z) be the second derivative of z**5/20 - 7*z**4/6 + z**3 - 21*z**2/2 + 17*z. Calculate the remainder when 565 is divided by f(14).
61
Suppose z + 3*w - 33 = 0, 50 = 5*z + 3*w - 55. What is the remainder when 1377 is divided by z?
9
Suppose 44*v - 5117 = 37*v. Suppose -49*z = -66*z + v. Suppose 3*g = -5*b + 61, -1 = -b - g + 12. What is the remainder when z is divided by b?
10
Let g be 0/2*(-2 - -1) + 117. Suppose -m - 94 = -g. Calculate the remainder when m is divided by (12/9)/((-2)/(-9)).
5
Suppose 0 = -3*w - 2*w + 1670. What is the remainder when w is divided by (26 + -29)*(8/9)/(1/(-3))?
6
Suppose -43*l = -25893 - 5540. What is the remainder when l is divided by 15?
11
Let t(r) = r**3 + 62*r**2 + 276*r + 9629. Let c = 61 + -5. What is the remainder when t(-60) is divided by c?
45
Let q = -3006 - -3030. Calculate the remainder when 49 is divided by q.
1
Let t = -14724 + 14836. Calculate the remainder when t is divided by 108.
4
Suppose 28*d + 20144 = 5*s + 26*d, 5*s + d - 20123 = 0. Calculate the remainder when s is divided by 64.
58
Let y(m) = -3*m**3 - 21*m**2 - 47*m + 58. What is the remainder when y(-16) is divided by 14?
8
Suppose 7428 = 13*s + 4372 - 19876. What is the remainder when s is divided by 1758?
6
Suppose -91*f + 7619 + 13928 = -54529. What is the remainder when f is divided by 65?
56
Let l = 446 - 354. Suppose 3*i + 5*k = 82, 2*i = -3*i + 3*k + 114. Calculate the remainder when l is divided by i.
20
Let o(c) = c**2 - 17*c - 1. Let z be o(17). Suppose -2*v + 234 = v. Calculate the remainder when v is divided by (17 - 1) + ((-4)/z - 4).
14
Suppose 13*y + 7429 = -2711. Let l = y + 969. Calculate the remainder when l is divided by 16.
13
Suppose -2*j = -4*h + 142, -3*h + 80 = -4*j - 14. Suppose 3*q - 142 = h. Suppose -4*x + x = -93. Calculate the remainder when q is divided by x.
29
Let z(l) = -4*l - 2. Let i be z(-5). Let d = 47 - i. Suppose -176*b + 23100 = 244*b. Calculate the remainder when b is divided by d.
26
Let m = -32 + 55. Let b = 8314 + -8131. Calculate the remainder when b is divided by m.
22
Let g(m) = m**2 - m + 69. Suppose 159 = 2*s + 322 - 193. What is the remainder when g(0) is divided by s?
9
Suppose -116 = -4*r - 140. Calculate the remainder when (-5)/1*(-37 - r) is divided by 39.
38
Suppose -22*n = -27*n - 30. Calculate the remainder when 87/2*(-4)/n is divided by 21.
8
Suppose -3*u + 2*p = -162 + 61, 5*u + 5*p = 210. Suppose -u*x = -13*x - 2280. Suppose 18 = 2*k - k + o, 5*o = -10. What is the remainder when x is divided by k?
15
Let q(n) = 315*n - 3388. What is the remainder when q(12) is divided by 168?
56
Suppose -125 = b - 6*b. Calculate the remainder when (362/(-8))/(b/(-100)) is divided by 4.
1
Suppose 7*p = -0*p + 35. Suppose 3*g + 286 = 4*f, p*g - 9*g - 2*f - 352 = 0. Let z = g + 114. Calculate the remainder when 42 is divided by z.
18
Suppose 49*y + 19*y = 2448. What is the remainder when 1114 is divided by y?
34
Let x = -10636 - -15167. Calculate the remainder when x is divided by 14.
9
What is the remainder when 311 is divided by (-371)/106*150/(-21)?
11
What is the remainder when ((-1)/10 - 0)/(68/(-87210))*4 is divided by 16?
1
Let u(y) = 71*y + 5. Let j(p) = -11312*p - 339287. Calculate the remainder when u(5) is divided by j(-30).
68
Suppose 438 - 157 = 19*p - 232. What is the remainder when 3099 is divided by p?
21
Let i(f) = -f**3 - 3*f**2 + 3*f. Let z(o) be the first derivative of o**3/3 - 3*o**2 + 6*o - 11. What is the remainder when i(-4) is divided by z(5)?
0
Let l(x) = 2*x**2 + 19*x + 6. Let o be l(-10). Suppose 2*t - 28 = o. Suppose 0*b = 2*b - t. Calculate the remainder when 32 is divided by b.
10
Let t(o) = 771*o**2 - 32*o - 37. Calculate the remainder when t(-1) is divided by 13.
12
Suppose -2*w + 21*z + 438 = 19*z, -4*w + 2*z + 882 = 0. What is the remainder when w is divided by 15?
12
Let n = 11861 + -10399. What is the remainder when n is divided by 28?
6
Suppose 3 = -3*y, -3*i + 4*i + 4*y - 24 = 0. Suppose 8*j = i + 12. Suppose 0 = -f - j + 8. Calculate the remainder when 15 is divided by f.
0
Let t(v) = v**2 - 91*v + 979. Let b(z) = z**3 - z**2 + z - 1. Let p be b(2). Let y = p - -12. Calculate the remainder when t(12) is divided by y.
14
Let i = -2257 - -3318. What is the remainder when i is divided by 28?
25
Suppose 30*s - 52*s = -24*s + 70. Calculate the remainder when 305 is divided by s.
25
Let f be -5 + 2 + (34 - -3). Suppose f = 4*m - 26. Let r = 816 + -744. What is the remainder when r is divided by m?
12
Let n = -221 + 277. Let f = 62 - n. Calculate the remainder when 18 is divided by f.
0
Let l = 1553 - 1317. What is the remainder when l is divided by 50?
36
Let i(r) = -r**3 + 34*r**2 - 35*r + 85. Calculate the remainder when 1783 is divided by i(33).
16
Suppose 2*k - 83 = -3*v, k + 379*v - 376*v - 40 = 0. What is the r